ose -2*w + 2*k + 4 = -30, -w = k - 17. What is the remainder when 147 is divided by w?
11
Suppose -3*q - 12 = 15. What is the remainder when (-4)/((-48)/q) - (-501)/12 is divided by 15?
11
Calculate the remainder when 33 is divided by ((-12)/(-16))/3 - (-284)/16.
15
Let v(l) = -l + 24. Let u = 25 + -17. What is the remainder when 45 is divided by v(u)?
13
Let k be (3 + -2 + 1)*1. Let j be (-15)/10*(-19)/((-285)/100). Calculate the remainder when 21 is divided by k + -1 - 100/j.
10
Suppose 5*w - 2*w = -5*t + 243, 2*w = 5*t - 238. What is the remainder when t is divided by (-230)/(-12) + (-13)/78?
10
Let a = -497 + 544. What is the remainder when 61 is divided by a?
14
Let q(y) = y**2 + 7*y + 10. Let z be q(-4). Calculate the remainder when ((-2)/(-4))/(z/(-168)) is divided by 17.
8
Suppose -51 = -2*g - l + 4*l, -53 = -2*g + 5*l. Calculate the remainder when 35 is divided by g.
11
Suppose 2*j - 3*g - 199 = 0, g - 104 - 385 = -5*j. Suppose -7*f = -5*f - j. What is the remainder when f is divided by 17?
15
Let x(z) = -z**2 - 7*z + 5. Suppose -2149 + 7807 = 69*c. What is the remainder when c is divided by x(-4)?
14
Let c = 4 + 9. Let o = -33 + -20. Let i = 89 + o. What is the remainder when i is divided by c?
10
Let y = -9 + -1. Calculate the remainder when 71 is divided by (-25)/10*72/y.
17
Let b(c) = c**2 + 7*c + 2. Suppose 4*t + 35 = -t. What is the remainder when 4 is divided by b(t)?
0
Suppose -4*r + 0 + 44 = 3*m, 2*m = -2*r + 24. Calculate the remainder when (-552)/(-9) + 2 + r/(-6) is divided by 8.
6
What is the remainder when ((-35)/(-21) - 5)*(1 + -7) is divided by 3?
2
Suppose -4*r - r = 2*h - 263, -3*h + 114 = 2*r. What is the remainder when 109 is divided by r?
7
Suppose 0 = 3*z - 3*c - 251 + 11, 72 = z - 3*c. What is the remainder when z is divided by 28?
0
Suppose -258 = -2*c - 24. What is the remainder when c is divided by 24?
21
Let q = -126 - -258. Calculate the remainder when q is divided by 8.
4
Let y = 52 - 34. Let i be (-10)/(-1)*(-2)/(-2). Let n = i + 25. What is the remainder when n is divided by y?
17
Calculate the remainder when -42 + 43 - (0 - 213) is divided by 66.
16
Suppose -2*h + 6 = 4*l, 2*l + 17 = 4*h + 5. Suppose -2*t = -3*t + h*a + 15, 2*a + 10 = 2*t. Suppose 1 + t = f. Calculate the remainder when 2 is divided by f.
0
Suppose 4*g = 5*f - 16, 0 = -f - 3*g + 5*g + 8. Let b(q) = -q**2 + 3. What is the remainder when 6/(-4)*(4 + -6) is divided by b(f)?
0
Let k = -62 - -89. Suppose 255 = 6*j - j. What is the remainder when j is divided by k?
24
Let c(v) = 2*v**2 - 5*v + 5. Let n be c(2). Suppose 2*q = n*q - 24. What is the remainder when q is divided by 13?
11
Suppose t = -2*f + 3, -35 + 38 = -3*f. What is the remainder when (4/6)/(2/33) is divided by t?
1
Let s = -401 - -445. What is the remainder when 57 is divided by s?
13
Suppose 32*w = 28*w + 2*p + 2226, -4*w + p = -2225. Calculate the remainder when w is divided by 43.
40
Suppose -3*z = -5*m + 16, 8*m = -3*z + 5*m + 24. Suppose -z*n = 3 + 9. Let r(o) = -o**2 - 5*o - 2. What is the remainder when 6 is divided by r(n)?
0
Let q(r) = r**3 - 2*r**2 - 13*r + 40. Calculate the remainder when 737 is divided by q(6).
101
Suppose 88*b - 86200 = 17112. What is the remainder when b is divided by 47?
46
Let o(a) = 4*a + 33 - 1 + 18*a - 9*a - a**2. What is the remainder when o(11) is divided by 5?
4
Let i(c) = -c**3 - 7*c**2 + 9*c + 12. What is the remainder when i(-8) is divided by 3?
1
Suppose 4*f = 151 + 189. Suppose 0 = -4*r - 3*y + 4*y + f, -3*r - y = -55. Calculate the remainder when 73 is divided by r.
13
Suppose 0 = 27*b - 5*b - 15774. What is the remainder when b is divided by 10?
7
Suppose 4*j + 0*j - 4 = 0. Let q = -55 - -53. Calculate the remainder when -4*q/(4 + 0) is divided by j.
0
Let z(q) = 79*q**3 - 2*q - 1 + q**2 + 2*q. Let s(c) = c**2 - 32*c - 124. What is the remainder when z(1) is divided by s(-4)?
19
Let q = -646 - -956. What is the remainder when q is divided by 79?
73
Let s be (-2 - 0)/(-2) + (-2)/2. Suppose s = -u - 1, 4*u + 46 = q + 2*q. Calculate the remainder when 27 is divided by q.
13
Calculate the remainder when (12/8)/((-2)/(-28)) is divided by 13.
8
Suppose -14 = 5*g - 4*u, -5*g = 2*u - u + 9. Let a = 14 + g. Let l(h) = -4*h - 10. Calculate the remainder when l(-8) is divided by a.
10
Suppose 14*o - 15*o = -15. Calculate the remainder when o is divided by 10.
5
Suppose -10*y = y. Suppose -11*x + 8*x + 159 = y. Calculate the remainder when x is divided by 14.
11
Let b(k) = -9*k + 2. Let f(w) = w + 1. Let i(v) = b(v) - 3*f(v). What is the remainder when i(-12) is divided by 21?
17
Let r be 6 - -3*(-4)/(36/3). Suppose 25 = -r*m, 0 = p - 0*p - m - 64. Calculate the remainder when p is divided by 31.
28
Suppose 2*h - h = 7. Suppose 0 = 8*t - 36 + 12. Calculate the remainder when h is divided by t.
1
Let r = -290 + 343. What is the remainder when 209 is divided by r?
50
Suppose 3*h - 3*z - 77 = 2*h, -4*h + z + 253 = 0. What is the remainder when (-345)/(-7) - 4/14 is divided by 961/h - (-2)/4*3?
15
Suppose -2 = c - 3*u, 4*c = 2*c + 5*u - 1. Suppose -280 = -3*y + c*y. Let j = 105 + y. Calculate the remainder when j is divided by 13.
9
Let o(h) = 31*h + 1. Let g be o(1). Calculate the remainder when 71 is divided by 105/6 + 4/g*4.
17
Suppose -3*m = 5*j - 22 - 1, -j + 1 = 0. Let f = -861 - -862. Calculate the remainder when ((-6)/m)/(-1 - 0) is divided by f.
0
What is the remainder when (0 - -3 - 286/8)*-4 is divided by 15?
11
Suppose 4*y - 2 - 34 = 0. Suppose 2*i + 6*x - 12 = 2*x, 2*i = -5*x + 10. Calculate the remainder when y is divided by 15/i*2 - 0.
0
Let f(w) = w - 1. Let q(p) = -4*p + 18. Let b(o) = 2*f(o) - q(o). What is the remainder when 30 is divided by b(6)?
14
Suppose -3*j + 34 = -104. Suppose 2*v - 2*g - j = 0, -31 = -19*v + 18*v + 5*g. Calculate the remainder when 51 is divided by v.
9
Let s(o) = -2*o**2 - 33*o + 5. What is the remainder when 248 is divided by s(-15)?
48
Let v(d) = -1 + 0 - 1 - 8 + 3*d. Let b be v(-11). Let x = -23 - b. Calculate the remainder when 77 is divided by x.
17
Let n(p) = -3*p - 9. Let b = -39 - -30. What is the remainder when n(b) is divided by 5?
3
Suppose -3*p + 2*p + 4 = 0. Suppose -4*s - 5*c + 22 = 0, -5*s + 4*c = -6 - 1. What is the remainder when p is divided by s?
1
Let c = 13 - 10. Suppose -8*p + 5*p + c = 0. Suppose -3*w + 0 = l - p, -4*l = -4*w - 68. What is the remainder when 24 is divided by l?
11
Let q(o) = 2*o**3 - 5*o**2 + 3*o - 3. Let v(d) = d + 71. Let k = -23 + 23. Calculate the remainder when v(k) is divided by q(3).
11
Let x be 36/3*(-2)/(-6). Suppose 2*h - h = 2. Suppose h*d - d = x. What is the remainder when d is divided by 2?
0
Let o be (16/6)/(3/9). Suppose -i = q - 22, 116 = 5*i - o*q + 7*q. Calculate the remainder when 62 is divided by i.
16
Calculate the remainder when (10/(-36) + 14/(-63))*-22 is divided by 3.
2
Let z be (32/12)/(4/66). Suppose -3*f - 4*l + 68 = -0*f, -z = -2*f - 2*l. Suppose 0 = -2*p + 6*p - f. Calculate the remainder when p is divided by 2.
1
Let n(z) = 16*z + 2. Let q(i) = i**3 - 8*i**2 + 6. Let u be q(8). Suppose a - 5 = 20. What is the remainder when n(u) is divided by a?
23
Let h(u) = 54*u**2 - 3*u + 2. What is the remainder when h(2) is divided by 57?
41
Let t(o) = -o**2 - 4 - 2*o - 3 + 9*o**2. Suppose -3*n - 3 + 12 = 0. Calculate the remainder when t(n) is divided by 12.
11
Let i be (-1)/((-5)/(-60)*-3). Suppose 92 = i*b + 4*o, -4*b - 5*o = -52 - 41. What is the remainder when 58 is divided by b?
14
Let n(x) = 8*x + 1. Let i be (7/21)/(1/21). Let s(h) = 2*h - 5. What is the remainder when n(3) is divided by s(i)?
7
Let x be -1*(-12)/3 + 1. Suppose 5*l = 5*f - 25, 13 = -3*f + x*f + l. What is the remainder when 16 is divided by f?
4
Suppose 0 = -5*w + 3*w - 28. Let l(i) = -5*i + 21. Let z be l(5). What is the remainder when (-4)/(z/(-3)) - w is divided by 7?
4
Suppose 3*o = -2*u + 1166, o + 4*u - 412 = 8*u. Calculate the remainder when o is divided by 22.
18
Suppose 0 = 11*l - 6*l - 20. Let m(o) = o**2 - 3*o + 5. Suppose -2*j - 35 = -3*j. What is the remainder when j is divided by m(l)?
8
Suppose 4*s + 0*s = 12. What is the remainder when 124 is divided by (-1)/(0 + s - (-130)/(-43))?
38
Calculate the remainder when 332 is divided by 14/((3/(-14))/((-6)